onvert a9012 (base 12) to base 10.
222926
What is 2040011104 (base 5) in base 13?
b49782
Convert 340a3 (base 13) to base 6.
2005552
Convert -378972 (base 14) to base 16.
-1d1618
Convert 322034110 (base 5) to base 6.
45104312
Convert 5aa2 (base 12) to base 15.
3052
436107 (base 8) to base 10
146503
7a01d (base 14) to base 11
192746
Convert -1011200212 (base 4) to base 6.
-10034034
What is -1215d (base 15) in base 16?
-e158
4040 (base 15) to base 16
34f8
What is -61514d (base 15) in base 13?
-c5b930
What is 111010101011010011 (base 2) in base 4?
322223103
-2021331332 (base 4) to base 5
-121040433
15532421 (base 8) to base 15
4ac49c
Convert -1b315 (base 14) to base 9.
-114836
What is 32121111013 (base 4) in base 5?
1431230032
What is 4498527 (base 12) in base 11?
7465696
-ac10 (base 13) to base 7
-130001
-199713 (base 15) to base 7
-13412322
What is -100110010110010011010100 (base 2) in base 6?
-555244500
-518660 (base 10) to base 12
-210198
369c26 (base 13) to base 2
100111111000111000110
Convert 432a376 (base 12) to base 5.
11230442311
What is 5215042 (base 6) in base 9?
422558
What is 1101111011000101100 (base 2) in base 6?
13440112
Convert 316256 (base 8) to base 15.
21481
Convert -166771 (base 9) to base 8.
-311774
Convert 3329936 (base 10) to base 16.
32cf90
What is -3334220 (base 5) in base 2?
-1110010100111101
What is 3d7d0 (base 15) in base 3?
101000221120
-1546a5b (base 14) to base 8
-47506451
Convert 5622067 (base 8) to base 5.
342012344
-487a8 (base 11) to base 8
-211041
20212 (base 8) to base 9
12375
-82b94 (base 15) to base 4
-1211022130
What is abc0 (base 13) in base 8?
56661
Convert -4213101 (base 6) to base 7.
-1510132
Convert -7324760 (base 9) to base 2.
-1110111011100010100101
What is -231300202100 (base 4) in base 16?
-b70890
-581a4 (base 12) to base 13
-417b5
Convert 412bb04 (base 12) to base 5.
11114123321
-5256 (base 9) to base 10
-3858
Convert -332111122213 (base 4) to base 16.
-f956a7
-14165466 (base 8) to base 7
-36151525
Convert -46482 (base 10) to base 5.
-2441412
Convert 82417 (base 13) to base 5.
24433303
-38931 (base 10) to base 11
-27282
What is 3190b8 (base 13) in base 12?
4807b8
1320133332 (base 4) to base 11
307907
-8bc0 (base 16) to base 8
-105700
What is 103220311020 (base 4) in base 13?
10b3252
Convert 1001011010110101110000 (base 2) to base 13.
685bac
-4527454 (base 8) to base 7
-13256643
Convert -200000020222 (base 3) to base 9.
-600228
What is 383766 (base 11) in base 7?
5100261
What is 633644 (base 10) in base 6?
21325312
Convert 195197 (base 10) to base 15.
3cc82
What is -731203 (base 8) in base 6?
-5105443
-1387865 (base 11) to base 12
-96a706
What is -a56a84 (base 11) in base 3?
-10012000100211
What is 82583 (base 10) in base 2?
10100001010010111
What is -3122657 (base 9) in base 7?
-20116255
What is -208616 (base 11) in base 3?
-121221110121
What is 5155111 (base 8) in base 13?
38b052
What is 2816e (base 16) in base 10?
164206
Convert 3112434310 (base 5) to base 9.
12884838
110011110111001010110 (base 2) to base 9
3170137
-1334120 (base 7) to base 4
-223021010
-100022202011211 (base 3) to base 4
-102321300013
5a5808 (base 15) to base 9
8116358
1826887 (base 10) to base 9
3384014
What is -1e6e2e (base 16) in base 14?
-39cad0
What is 1100201222012220 (base 3) in base 12?
6657206
Convert 42114300 (base 5) to base 15.
6d200
Convert 212221202201110 (base 3) to base 10.
12730323
Convert 4302223 (base 9) to base 14.
43dbcc
Convert 1211543 (base 7) to base 15.
30aa8
What is 64bb64 (base 13) in base 16?
24226e
Convert -135344 (base 12) to base 13.
-b2960
-64104 (base 12) to base 11
-8a864
Convert -23102256 (base 8) to base 16.
-4c84ae
What is -3563031 (base 7) in base 8?
-1563527
What is a415b (base 13) in base 9?
488151
What is -1262047 (base 9) in base 15?
-d9871
-131c7 (base 16) to base 15
-182d9
What is 55041167 (base 8) in base 13?
25a8145
Convert -44445145 (base 8) to base 11.
-5459099
Convert -3a694a1 (base 12) to base 15.
-103d277
163503 (base 13) to base 2
10000110010011010010
What is -544540 (base 7) in base 15?
-1d374
What is -4686087 (base 9) in base 11?
-14830a3
Convert 3a161 (base 14) to base 13.
500c8
Convert 2102601 (base 7) to base 8.
756236
What is -22414 (base 5) in base 16?
-649
-832400 (base 11) to base 6
-44342433
What is -a36b45 (base 15) in base 12?
-272773b
Convert -15424310 (base 8) to base 15.
-4a1a09
-a3ac4 (base 13) to base 14
-79239
8726763 (base 9) to base 4
101313103233
Convert -2215064 (base 8) to base 4.
-2101220310
What is 431 (base 12) in base 8?
1145
-4513836 (base 12) to base 16
-c9a5ea
-334043404 (base 5) to base 6
-51313321
What is 1001010111111010001 (base 2) in base 10?
307153
134400 (base 8) to base 5
3003420
Convert -295749 (base 10) to base 15.
-5c969
11143014 (base 5) to base 11
68a50
8cd8b (base 16) to base 5
121430112
Convert 101000011010101100100 (base 2) to base 15.
1b2628
What is 14434324 (base 6) in base 10?
502540
Convert -109409 (base 12) to base 2.
-1000000101100001001
What is 10221011013 (base 4) in base 15?
190829
What is -3339801 (base 13) in base 8?
-73712173
Convert 158512 (base 9) to base 12.
48932
-1652884 (base 13) to base 11
-407a988
Convert -21dea (base 16) to base 15.
-2b18a
What is 2099a5 (base 12) in base 13?
150326
What is 23404413 (base 5) in base 12?
a5175
Convert -10011100100010011 (base 2) to base 4.
-103210103
What is 2842a87 (base 12) in base 16?
7ad787
Convert 600c21 (base 13) to base 2.
1000100000011000110101
1001212101001102 (base 3) to base 5
12411343020
Convert -600853 (base 10) to base 4.
-2102230111
Convert 510421 (base 10) to base 11.
31953a
369968 (base 10) to base 13
cc521
Convert -4334333303 (base 5) to base 7.
-141663105
What is 1004215203 (base 6) in base 13?
219021c
What is -3332546 (base 10) in base 15?
-45c64b
-142335 (base 11) to base 2
-110110010111010110
Convert -102002021101110 (base 3) to base 13.
-12b3283
Convert -2012412 (base 5) to base 16.
-7de8
What is -e866 (base 16) in base 5?
-3400434
-84a4 (base 13) to base 5
-1042021
-10010122001 (base 3) to base 9
-103561
11423412 (base 6) to base 9
610278
What is -b6b111 (base 12) in base 8?
-12772335
What is 10200102211 (base 3) in base 7?
421225
Convert 15562176 (base 8) to base 4.
31232101332
-14517 (base 9) to base 7
-40600
213420333 (base 5) to base 15
132948
What is -43913 (base 14) in base 9?
-268463
What is 1633300 (base 15) in base 11?
9103386
-c1a7c (base 14) to base 6
-13552302
Convert -b63bf (base 16) to base 3.
-1101220220121
Convert b4402 (base 15) to base 16.
8b78d
What is -238b409 (base 12) in base 7?
-112453056
-2643231 (base 7) to base 3
-122121211220
What is 164436 (base 10) in base 14?
43cd6
Convert -344579 (base 14) to base 10.
-1779199
What is 2213032100 (base 4) in base 16?
a7390
100010010111111110 (base 2) to base 7
1124330
What is 3216466 (base 9) in base 15?
240b10
Convert -341023 (base 6) to base 12.
-14773
-21240335 (base 6) to base 9
-1155555
Convert 34423412 (base 5) to base 15.
622a7
What is 275107 (base 8) in base 11?
66836
Convert -23bba5 (base 12) to base 6.
-20235525
110101000100001 (base 2) to base 14
9c89
Convert -5414354 (base 6) to base 9.
-445737
84605 (base 10) to base 4
110221331
What is 11102212032 (base 4) in base 12?
56a726
-60575 (base 8) to base 15
-75dc
Convert 312001331 (base 4) to base 10.
221309
What is 201124332 (base 5) in base 15?
10c8b2
What is -212020113 (base 4) in base 11?
-a7385
Convert -13312416 (base 8) to base 6.
-144005554
What is -11000001001101100111100 (base 2) in base 3?
-102220122202202
Convert 13000003323 (base 4) to base 5.
432212014
What is -4244124 (base 5) in base 10?
-71789
What is -212968 (base 13) in base 14?
-163308
What is 13886a5 (base 12) in base 11?
2233038
-110011011101000110011 (base 2) to base 4
-12123220303
Convert 8206a4 (base 14) to base 12.
15731a0
-207ac8 (base 15) to base 9
-2814068
7d7142 (base 14) to base 11
24663a7
-a3a84 (base 15) to base 11
-324820
-30333230 (base 4) to base 2
-1100111111101100
-31144421 (base 5) to base 4
-332203230
Convert -63532324 (base 7) to base 2.
-10100100011000000110110
Convert -2712bc (base 13) to base 12.
-396bab
What is -25a78 (base 12) in base 10?
-51644
-7868 (base 10) to base 6
-100232
-1b9017 (base 14) to base 12
-3b6111
Convert 8bd845 (bas